{"id":6019,"date":"2026-02-09T12:00:00","date_gmt":"2026-02-09T11:00:00","guid":{"rendered":"https:\/\/netwerkgroup.com\/vacature\/coordinateur-de-linstallation-dintegration\/"},"modified":"2026-02-09T12:00:00","modified_gmt":"2026-02-09T11:00:00","slug":"coordinateur-de-linstallation-dintegration","status":"publish","type":"vacature","link":"https:\/\/netwerkgroup.com\/fr\/vacature\/coordinateur-de-linstallation-dintegration\/","title":{"rendered":"Coordinateur de l&rsquo;installation d&rsquo;int\u00e9gration"},"content":{"rendered":"","protected":false},"excerpt":{"rendered":"<p>Le coordinateur de l&rsquo;installation d&rsquo;int\u00e9gration joue un r\u00f4le dans le soutien de l&rsquo;int\u00e9gration de la nouvelle usine de nos clients dans l&rsquo;activit\u00e9 O&amp;P Europe existante. Relevant du responsable du pilier&nbsp;1 et travaillant en \u00e9troite collaboration avec le chef de projet F&amp;I et le gestionnaire des installations du site, ce poste est essentiel pour assurer la mise en place, la livraison et la pr\u00e9paration op\u00e9rationnelle r\u00e9ussies de tous les aspects F&amp;I (installations et infrastructures) pour le futur site int\u00e9gr\u00e9. <\/p>\n<p>Le r\u00f4le exige un professionnel \u00e9nergique avec un esprit de croissance, d\u00e9sireux d&rsquo;appliquer et de d\u00e9velopper de nouvelles comp\u00e9tences tout en dirigeant et en participant \u00e0 un ensemble diversifi\u00e9 de projets F&amp;I.<\/p>\n<p>Le coordinateur des installations s&rsquo;assure que l&rsquo;environnement physique du b\u00e2timent (temporaire) est s\u00fbr, fonctionnel et efficace en g\u00e9rant la maintenance, en coordonnant les fournisseurs, en supervisant les fournitures et en g\u00e9rant la logistique pour les r\u00e9parations, les r\u00e9novations et les op\u00e9rations quotidiennes, servant de liaison cl\u00e9 pour toutes les questions li\u00e9es aux installations afin de soutenir le bon fonctionnement des activit\u00e9s. Il\/elle g\u00e8re les services souples et durs, g\u00e8re les fournisseurs de services, assure la conformit\u00e9 et soutient les besoins du personnel. <\/p>\n","protected":false},"featured_media":0,"template":"","meta":{"_acf_changed":false,"footnotes":""},"land":[312],"locatie":[368],"recruiter":[311],"vacature-categorie":[320,334],"class_list":["post-6019","vacature","type-vacature","status-publish","hentry","land-belgique","locatie-anvers-2","recruiter-steven-sebreghts","vacature-categorie-coordinateur","vacature-categorie-installations"],"acf":[],"yoast_head":"<!-- This site is optimized with the Yoast SEO Premium plugin v27.3 (Yoast SEO v27.5) - https:\/\/yoast.com\/product\/yoast-seo-premium-wordpress\/ -->\n<title>Coordinateur de l&#039;installation d&#039;int\u00e9gration - Netwerk<\/title>\n<meta name=\"description\" content=\"Ben jij de perfecte Coordinateur de l&#039;installation d&#039;int\u00e9gration om het team van Netwerk te versterken?\" \/>\n<meta name=\"robots\" content=\"index, follow, max-snippet:-1, max-image-preview:large, max-video-preview:-1\" \/>\n<link rel=\"canonical\" href=\"https:\/\/netwerkgroup.com\/fr\/vacature\/coordinateur-de-linstallation-dintegration\/\" \/>\n<meta property=\"og:locale\" content=\"fr_FR\" \/>\n<meta property=\"og:type\" content=\"article\" \/>\n<meta property=\"og:title\" content=\"Coordinateur de l&#039;installation d&#039;int\u00e9gration\" \/>\n<meta property=\"og:description\" content=\"Ben jij de perfecte Coordinateur de l&#039;installation d&#039;int\u00e9gration om het team van Netwerk te versterken?\" \/>\n<meta property=\"og:url\" content=\"https:\/\/netwerkgroup.com\/fr\/vacature\/coordinateur-de-linstallation-dintegration\/\" \/>\n<meta property=\"og:site_name\" content=\"Netwerk\" \/>\n<meta property=\"og:image\" content=\"https:\/\/netwerkgroup.com\/wp-content\/uploads\/2025\/11\/netwerk-beverentunnel-10217.jpg\" \/>\n\t<meta property=\"og:image:width\" content=\"1080\" \/>\n\t<meta property=\"og:image:height\" content=\"720\" \/>\n\t<meta property=\"og:image:type\" content=\"image\/jpeg\" \/>\n<meta name=\"twitter:card\" content=\"summary_large_image\" \/>\n<script type=\"application\/ld+json\" class=\"yoast-schema-graph\">{\"@context\":\"https:\\\/\\\/schema.org\",\"@graph\":[{\"@type\":[\"WebPage\",\"ItemPage\"],\"@id\":\"https:\\\/\\\/netwerkgroup.com\\\/fr\\\/vacature\\\/coordinateur-de-linstallation-dintegration\\\/\",\"url\":\"https:\\\/\\\/netwerkgroup.com\\\/fr\\\/vacature\\\/coordinateur-de-linstallation-dintegration\\\/\",\"name\":\"Coordinateur de l'installation d'int\u00e9gration - Netwerk\",\"isPartOf\":{\"@id\":\"https:\\\/\\\/netwerkgroup.com\\\/fr\\\/#website\"},\"datePublished\":\"2026-02-09T11:00:00+00:00\",\"description\":\"Ben jij de perfecte Coordinateur de l'installation d'int\u00e9gration om het team van Netwerk te versterken?\",\"breadcrumb\":{\"@id\":\"https:\\\/\\\/netwerkgroup.com\\\/fr\\\/vacature\\\/coordinateur-de-linstallation-dintegration\\\/#breadcrumb\"},\"inLanguage\":\"fr-FR\",\"potentialAction\":[{\"@type\":\"ReadAction\",\"target\":[\"https:\\\/\\\/netwerkgroup.com\\\/fr\\\/vacature\\\/coordinateur-de-linstallation-dintegration\\\/\"]}]},{\"@type\":\"BreadcrumbList\",\"@id\":\"https:\\\/\\\/netwerkgroup.com\\\/fr\\\/vacature\\\/coordinateur-de-linstallation-dintegration\\\/#breadcrumb\",\"itemListElement\":[{\"@type\":\"ListItem\",\"position\":1,\"name\":\"Home\",\"item\":\"https:\\\/\\\/netwerkgroup.com\\\/fr\\\/bienvenue-sur-netwerk\\\/\"},{\"@type\":\"ListItem\",\"position\":2,\"name\":\"Offres d\u2019emploi\",\"item\":\"https:\\\/\\\/netwerkgroup.com\\\/fr\\\/vacature\\\/\"},{\"@type\":\"ListItem\",\"position\":3,\"name\":\"Coordinateur de l&#8217;installation d&#8217;int\u00e9gration\"}]},{\"@type\":\"WebSite\",\"@id\":\"https:\\\/\\\/netwerkgroup.com\\\/fr\\\/#website\",\"url\":\"https:\\\/\\\/netwerkgroup.com\\\/fr\\\/\",\"name\":\"Netwerk\",\"description\":\"Always a great job\",\"publisher\":{\"@id\":\"https:\\\/\\\/netwerkgroup.com\\\/fr\\\/#organization\"},\"potentialAction\":[{\"@type\":\"SearchAction\",\"target\":{\"@type\":\"EntryPoint\",\"urlTemplate\":\"https:\\\/\\\/netwerkgroup.com\\\/fr\\\/?s={search_term_string}\"},\"query-input\":{\"@type\":\"PropertyValueSpecification\",\"valueRequired\":true,\"valueName\":\"search_term_string\"}}],\"inLanguage\":\"fr-FR\"},{\"@type\":\"Organization\",\"@id\":\"https:\\\/\\\/netwerkgroup.com\\\/fr\\\/#organization\",\"name\":\"Netwerk\",\"url\":\"https:\\\/\\\/netwerkgroup.com\\\/fr\\\/\",\"logo\":{\"@type\":\"ImageObject\",\"inLanguage\":\"fr-FR\",\"@id\":\"https:\\\/\\\/netwerkgroup.com\\\/fr\\\/#\\\/schema\\\/logo\\\/image\\\/\",\"url\":\"https:\\\/\\\/netwerkgroup.com\\\/wp-content\\\/uploads\\\/2022\\\/09\\\/Netwerk-logo.png\",\"contentUrl\":\"https:\\\/\\\/netwerkgroup.com\\\/wp-content\\\/uploads\\\/2022\\\/09\\\/Netwerk-logo.png\",\"width\":914,\"height\":234,\"caption\":\"Netwerk\"},\"image\":{\"@id\":\"https:\\\/\\\/netwerkgroup.com\\\/fr\\\/#\\\/schema\\\/logo\\\/image\\\/\"},\"sameAs\":[\"https:\\\/\\\/www.linkedin.com\\\/company\\\/netwerk\\\/\"],\"email\":\"greatjobs@netwerkgroup.com\",\"telephone\":\"+32 3 237 25 37\",\"legalName\":\"Netwerk NV\",\"vatID\":\"BE 0860.110.183\",\"numberOfEmployees\":{\"@type\":\"QuantitativeValue\",\"minValue\":\"201\",\"maxValue\":\"500\"}}]}<\/script>\n<!-- \/ Yoast SEO Premium plugin. -->","yoast_head_json":{"title":"Coordinateur de l'installation d'int\u00e9gration - Netwerk","description":"Ben jij de perfecte Coordinateur de l'installation d'int\u00e9gration om het team van Netwerk te versterken?","robots":{"index":"index","follow":"follow","max-snippet":"max-snippet:-1","max-image-preview":"max-image-preview:large","max-video-preview":"max-video-preview:-1"},"canonical":"https:\/\/netwerkgroup.com\/fr\/vacature\/coordinateur-de-linstallation-dintegration\/","og_locale":"fr_FR","og_type":"article","og_title":"Coordinateur de l'installation d'int\u00e9gration","og_description":"Ben jij de perfecte Coordinateur de l'installation d'int\u00e9gration om het team van Netwerk te versterken?","og_url":"https:\/\/netwerkgroup.com\/fr\/vacature\/coordinateur-de-linstallation-dintegration\/","og_site_name":"Netwerk","og_image":[{"width":1080,"height":720,"url":"https:\/\/netwerkgroup.com\/wp-content\/uploads\/2025\/11\/netwerk-beverentunnel-10217.jpg","type":"image\/jpeg"}],"twitter_card":"summary_large_image","schema":{"@context":"https:\/\/schema.org","@graph":[{"@type":["WebPage","ItemPage"],"@id":"https:\/\/netwerkgroup.com\/fr\/vacature\/coordinateur-de-linstallation-dintegration\/","url":"https:\/\/netwerkgroup.com\/fr\/vacature\/coordinateur-de-linstallation-dintegration\/","name":"Coordinateur de l'installation d'int\u00e9gration - Netwerk","isPartOf":{"@id":"https:\/\/netwerkgroup.com\/fr\/#website"},"datePublished":"2026-02-09T11:00:00+00:00","description":"Ben jij de perfecte Coordinateur de l'installation d'int\u00e9gration om het team van Netwerk te versterken?","breadcrumb":{"@id":"https:\/\/netwerkgroup.com\/fr\/vacature\/coordinateur-de-linstallation-dintegration\/#breadcrumb"},"inLanguage":"fr-FR","potentialAction":[{"@type":"ReadAction","target":["https:\/\/netwerkgroup.com\/fr\/vacature\/coordinateur-de-linstallation-dintegration\/"]}]},{"@type":"BreadcrumbList","@id":"https:\/\/netwerkgroup.com\/fr\/vacature\/coordinateur-de-linstallation-dintegration\/#breadcrumb","itemListElement":[{"@type":"ListItem","position":1,"name":"Home","item":"https:\/\/netwerkgroup.com\/fr\/bienvenue-sur-netwerk\/"},{"@type":"ListItem","position":2,"name":"Offres d\u2019emploi","item":"https:\/\/netwerkgroup.com\/fr\/vacature\/"},{"@type":"ListItem","position":3,"name":"Coordinateur de l&#8217;installation d&#8217;int\u00e9gration"}]},{"@type":"WebSite","@id":"https:\/\/netwerkgroup.com\/fr\/#website","url":"https:\/\/netwerkgroup.com\/fr\/","name":"Netwerk","description":"Always a great job","publisher":{"@id":"https:\/\/netwerkgroup.com\/fr\/#organization"},"potentialAction":[{"@type":"SearchAction","target":{"@type":"EntryPoint","urlTemplate":"https:\/\/netwerkgroup.com\/fr\/?s={search_term_string}"},"query-input":{"@type":"PropertyValueSpecification","valueRequired":true,"valueName":"search_term_string"}}],"inLanguage":"fr-FR"},{"@type":"Organization","@id":"https:\/\/netwerkgroup.com\/fr\/#organization","name":"Netwerk","url":"https:\/\/netwerkgroup.com\/fr\/","logo":{"@type":"ImageObject","inLanguage":"fr-FR","@id":"https:\/\/netwerkgroup.com\/fr\/#\/schema\/logo\/image\/","url":"https:\/\/netwerkgroup.com\/wp-content\/uploads\/2022\/09\/Netwerk-logo.png","contentUrl":"https:\/\/netwerkgroup.com\/wp-content\/uploads\/2022\/09\/Netwerk-logo.png","width":914,"height":234,"caption":"Netwerk"},"image":{"@id":"https:\/\/netwerkgroup.com\/fr\/#\/schema\/logo\/image\/"},"sameAs":["https:\/\/www.linkedin.com\/company\/netwerk\/"],"email":"greatjobs@netwerkgroup.com","telephone":"+32 3 237 25 37","legalName":"Netwerk NV","vatID":"BE 0860.110.183","numberOfEmployees":{"@type":"QuantitativeValue","minValue":"201","maxValue":"500"}}]}},"_links":{"self":[{"href":"https:\/\/netwerkgroup.com\/fr\/wp-json\/wp\/v2\/vacature\/6019","targetHints":{"allow":["GET"]}}],"collection":[{"href":"https:\/\/netwerkgroup.com\/fr\/wp-json\/wp\/v2\/vacature"}],"about":[{"href":"https:\/\/netwerkgroup.com\/fr\/wp-json\/wp\/v2\/types\/vacature"}],"version-history":[{"count":0,"href":"https:\/\/netwerkgroup.com\/fr\/wp-json\/wp\/v2\/vacature\/6019\/revisions"}],"wp:attachment":[{"href":"https:\/\/netwerkgroup.com\/fr\/wp-json\/wp\/v2\/media?parent=6019"}],"wp:term":[{"taxonomy":"land","embeddable":true,"href":"https:\/\/netwerkgroup.com\/fr\/wp-json\/wp\/v2\/land?post=6019"},{"taxonomy":"locatie","embeddable":true,"href":"https:\/\/netwerkgroup.com\/fr\/wp-json\/wp\/v2\/locatie?post=6019"},{"taxonomy":"recruiter","embeddable":true,"href":"https:\/\/netwerkgroup.com\/fr\/wp-json\/wp\/v2\/recruiter?post=6019"},{"taxonomy":"vacature-categorie","embeddable":true,"href":"https:\/\/netwerkgroup.com\/fr\/wp-json\/wp\/v2\/vacature-categorie?post=6019"}],"curies":[{"name":"wp","href":"https:\/\/api.w.org\/{rel}","templated":true}]}}

Coordinateur de l&rsquo;installation d&rsquo;intégration

<p>Le coordinateur de l&rsquo;installation d&rsquo;intégration joue un rôle dans le soutien de l&rsquo;intégration de la nouvelle usine de nos clients dans l&rsquo;activité O&amp;P Europe existante. Relevant du responsable du pilier&nbsp;1 et travaillant en étroite collaboration avec le chef de projet F&amp;I et le gestionnaire des installations du site, ce poste est essentiel pour assurer la mise en place, la livraison et la préparation opérationnelle réussies de tous les aspects F&amp;I (installations et infrastructures) pour le futur site intégré. </p>
<p>Le rôle exige un professionnel énergique avec un esprit de croissance, désireux d&rsquo;appliquer et de développer de nouvelles compétences tout en dirigeant et en participant à un ensemble diversifié de projets F&amp;I.</p>
<p>Le coordinateur des installations s&rsquo;assure que l&rsquo;environnement physique du bâtiment (temporaire) est sûr, fonctionnel et efficace en gérant la maintenance, en coordonnant les fournisseurs, en supervisant les fournitures et en gérant la logistique pour les réparations, les rénovations et les opérations quotidiennes, servant de liaison clé pour toutes les questions liées aux installations afin de soutenir le bon fonctionnement des activités. Il/elle gère les services souples et durs, gère les fournisseurs de services, assure la conformité et soutient les besoins du personnel. </p>

<!-- This site is optimized with the Yoast SEO Premium plugin v27.3 (Yoast SEO v27.5) - https://yoast.com/product/yoast-seo-premium-wordpress/ -->
<title>Coordinateur de l&#039;installation d&#039;intégration - Netwerk</title>
<meta name="description" content="Ben jij de perfecte Coordinateur de l&#039;installation d&#039;intégration om het team van Netwerk te versterken?" />
<meta name="robots" content="index, follow, max-snippet:-1, max-image-preview:large, max-video-preview:-1" />
<link rel="canonical" href="https://netwerkgroup.com/fr/vacature/coordinateur-de-linstallation-dintegration/" />
<meta property="og:locale" content="fr_FR" />
<meta property="og:type" content="article" />
<meta property="og:title" content="Coordinateur de l&#039;installation d&#039;intégration" />
<meta property="og:description" content="Ben jij de perfecte Coordinateur de l&#039;installation d&#039;intégration om het team van Netwerk te versterken?" />
<meta property="og:url" content="https://netwerkgroup.com/fr/vacature/coordinateur-de-linstallation-dintegration/" />
<meta property="og:site_name" content="Netwerk" />
<meta property="og:image" content="https://netwerkgroup.com/wp-content/uploads/2025/11/netwerk-beverentunnel-10217.jpg" />
	<meta property="og:image:width" content="1080" />
	<meta property="og:image:height" content="720" />
	<meta property="og:image:type" content="image/jpeg" />
<meta name="twitter:card" content="summary_large_image" />
<script type="application/ld+json" class="yoast-schema-graph">{"@context":"https:\/\/schema.org","@graph":[{"@type":["WebPage","ItemPage"],"@id":"https:\/\/netwerkgroup.com\/fr\/vacature\/coordinateur-de-linstallation-dintegration\/","url":"https:\/\/netwerkgroup.com\/fr\/vacature\/coordinateur-de-linstallation-dintegration\/","name":"Coordinateur de l'installation d'intégration - Netwerk","isPartOf":{"@id":"https:\/\/netwerkgroup.com\/fr\/#website"},"datePublished":"2026-02-09T11:00:00+00:00","description":"Ben jij de perfecte Coordinateur de l'installation d'intégration om het team van Netwerk te versterken?","breadcrumb":{"@id":"https:\/\/netwerkgroup.com\/fr\/vacature\/coordinateur-de-linstallation-dintegration\/#breadcrumb"},"inLanguage":"fr-FR","potentialAction":[{"@type":"ReadAction","target":["https:\/\/netwerkgroup.com\/fr\/vacature\/coordinateur-de-linstallation-dintegration\/"]}]},{"@type":"BreadcrumbList","@id":"https:\/\/netwerkgroup.com\/fr\/vacature\/coordinateur-de-linstallation-dintegration\/#breadcrumb","itemListElement":[{"@type":"ListItem","position":1,"name":"Home","item":"https:\/\/netwerkgroup.com\/fr\/bienvenue-sur-netwerk\/"},{"@type":"ListItem","position":2,"name":"Offres d’emploi","item":"https:\/\/netwerkgroup.com\/fr\/vacature\/"},{"@type":"ListItem","position":3,"name":"Coordinateur de l&#8217;installation d&#8217;intégration"}]},{"@type":"WebSite","@id":"https:\/\/netwerkgroup.com\/fr\/#website","url":"https:\/\/netwerkgroup.com\/fr\/","name":"Netwerk","description":"Always a great job","publisher":{"@id":"https:\/\/netwerkgroup.com\/fr\/#organization"},"potentialAction":[{"@type":"SearchAction","target":{"@type":"EntryPoint","urlTemplate":"https:\/\/netwerkgroup.com\/fr\/?s={search_term_string}"},"query-input":{"@type":"PropertyValueSpecification","valueRequired":true,"valueName":"search_term_string"}}],"inLanguage":"fr-FR"},{"@type":"Organization","@id":"https:\/\/netwerkgroup.com\/fr\/#organization","name":"Netwerk","url":"https:\/\/netwerkgroup.com\/fr\/","logo":{"@type":"ImageObject","inLanguage":"fr-FR","@id":"https:\/\/netwerkgroup.com\/fr\/#\/schema\/logo\/image\/","url":"https:\/\/netwerkgroup.com\/wp-content\/uploads\/2022\/09\/Netwerk-logo.png","contentUrl":"https:\/\/netwerkgroup.com\/wp-content\/uploads\/2022\/09\/Netwerk-logo.png","width":914,"height":234,"caption":"Netwerk"},"image":{"@id":"https:\/\/netwerkgroup.com\/fr\/#\/schema\/logo\/image\/"},"sameAs":["https:\/\/www.linkedin.com\/company\/netwerk\/"],"email":"greatjobs@netwerkgroup.com","telephone":"+32 3 237 25 37","legalName":"Netwerk NV","vatID":"BE 0860.110.183","numberOfEmployees":{"@type":"QuantitativeValue","minValue":"201","maxValue":"500"}}]}</script>
<!-- / Yoast SEO Premium plugin. -->

Coordinateur de l'installation d'intégration - Netwerk

Ben jij de perfecte Coordinateur de l'installation d'intégration om het team van Netwerk te versterken?

Coordinateur de l'installation d'intégration

Coordinateur de l&#8217;installation d&#8217;intégration
